{"id":1280,"date":"2022-03-05T20:01:32","date_gmt":"2022-03-05T23:01:32","guid":{"rendered":"https:\/\/exitoquestoes.com.br\/?page_id=1280"},"modified":"2022-03-05T20:01:32","modified_gmt":"2022-03-05T23:01:32","slug":"politica-de-privacidade","status":"publish","type":"page","link":"https:\/\/exitoquestoes.com.br\/ccm\/politica-de-privacidade\/","title":{"rendered":"Pol\u00edtica de privacidade"},"content":{"rendered":"<div class=\"elementor-element elementor-element-e573f0f elementor-widget elementor-widget-heading\" data-id=\"e573f0f\" data-element_type=\"widget\" data-widget_type=\"heading.default\">\n<div class=\"elementor-widget-container\">\u00a0<\/div>\n<\/div>\n<div class=\"elementor-element elementor-element-198fb353 elementor-widget elementor-widget-text-editor\" data-id=\"198fb353\" data-element_type=\"widget\" data-widget_type=\"text-editor.default\">\n<div class=\"elementor-widget-container\">\n<div class=\"elementor-element elementor-element-a9164ce elementor-widget elementor-widget-heading\" data-id=\"a9164ce\" data-element_type=\"widget\" data-widget_type=\"heading.default\">\n<div class=\"elementor-widget-container\">\n<h2 class=\"elementor-heading-title elementor-size-default\">Quem Somos?<\/h2>\n<\/div>\n<\/div>\n<div class=\"elementor-element elementor-element-be3cc48 elementor-widget elementor-widget-text-editor\" data-id=\"be3cc48\" data-element_type=\"widget\" data-widget_type=\"text-editor.default\">\n<div class=\"elementor-widget-container\">\n<p>O endere\u00e7o do nosso site \u00e9: <a href=\"https:\/\/exitoquestoes.com.br\/ccm\/\">https:\/\/exitoquestoes.com.br\/ccm\/<\/a><\/p>\n<\/div>\n<\/div>\n<div class=\"elementor-element elementor-element-59e5862 elementor-widget elementor-widget-heading\" data-id=\"59e5862\" data-element_type=\"widget\" data-widget_type=\"heading.default\">\n<div class=\"elementor-widget-container\">\n<h5>\u00a0<\/h5>\n<h2 class=\"elementor-heading-title elementor-size-default\">Quais dados pessoais coletamos e porque<\/h2>\n<p>&nbsp;<\/p>\n<\/div>\n<\/div>\n<div class=\"elementor-element elementor-element-2ac6c9e elementor-widget elementor-widget-heading\" data-id=\"2ac6c9e\" data-element_type=\"widget\" data-widget_type=\"heading.default\">\n<div class=\"elementor-widget-container\">\n<h2 class=\"elementor-heading-title elementor-size-default\">Formul\u00e1rios de contato<\/h2>\n<\/div>\n<\/div>\n<div class=\"elementor-element elementor-element-151a090 elementor-widget elementor-widget-text-editor\" data-id=\"151a090\" data-element_type=\"widget\" data-widget_type=\"text-editor.default\">\n<div class=\"elementor-widget-container\">\n<p>Nos formul\u00e1rios de contato, coletamos e mantemos as informa\u00e7\u00f5es: Nome, e-mail, telefone e nome da empresa, para efetuar o atendimento ao consumidor.<\/p>\n<p>&nbsp;<\/p>\n<\/div>\n<\/div>\n<div class=\"elementor-element elementor-element-d6e632f elementor-widget elementor-widget-heading\" data-id=\"d6e632f\" data-element_type=\"widget\" data-widget_type=\"heading.default\">\n<div class=\"elementor-widget-container\">\n<h2 class=\"elementor-heading-title elementor-size-default\">Cookies<\/h2>\n<\/div>\n<\/div>\n<div class=\"elementor-element elementor-element-a62c1a9 elementor-widget elementor-widget-text-editor\" data-id=\"a62c1a9\" data-element_type=\"widget\" data-widget_type=\"text-editor.default\">\n<div class=\"elementor-widget-container\">\n<p>N\u00f3s utilizamos cookies. Cookies s\u00e3o pequenos arquivos de textos simples que sites armazenam em seu navegador para salvar suas prefer\u00eancias e configura\u00e7\u00f5es. Por exemplo, quando voc\u00ea acessa um site pela primeira vez, que faz uso de cookies, este site envia um arquivo de texto com suas prefer\u00eancias para o seu navegador, como: Regi\u00e3o de onde voc\u00ea est\u00e1 acessando, seu endere\u00e7o de e-mail, idioma escolhido, cores, produtos que voc\u00ea poder\u00e1 gostar com base em suas pesquisas, e etc.\u00a0 Quando voc\u00ea acessar o site novamente, seu navegador ir\u00e1 enviar este arquivo para o site, desta forma as suas configura\u00e7\u00f5es e prefer\u00eancias ser\u00e3o aplicadas automaticamente sem que voc\u00ea precise configurar tudo de novo (a menos que voc\u00ea queira).<\/p>\n<p>Ao deixar um coment\u00e1rio no site, voc\u00ea poder\u00e1 optar por salvar seu nome, e-mail e site nos cookies. Isso visa seu conforto, assim voc\u00ea n\u00e3o precisar\u00e1 preencher seus dados novamente quando fizer outro coment\u00e1rio. Estes cookies duram um ano.<\/p>\n<p>Se voc\u00ea tem uma conta e acessa este site, um cookie tempor\u00e1rio ser\u00e1 criado para determinar se seu navegador aceita cookies. Ele n\u00e3o cont\u00e9m nenhum dado pessoal e ser\u00e1 descartado quando voc\u00ea fechar seu navegador.<\/p>\n<p>Quando voc\u00ea acessa sua conta no site, tamb\u00e9m criamos v\u00e1rios cookies para salvar os dados da sua conta e suas escolhas de exibi\u00e7\u00e3o de tela. Cookies de login s\u00e3o mantidos por dois dias e cookies de op\u00e7\u00f5es de tela por um ano. Se voc\u00ea selecionar \u201cLembrar-me\u201d, seu acesso ser\u00e1 mantido por duas semanas. Se voc\u00ea se desconectar da sua conta, os cookies de login ser\u00e3o removidos.<\/p>\n<p>Se voc\u00ea editar ou publicar um artigo, um cookie adicional ser\u00e1 salvo no seu navegador. Este cookie n\u00e3o inclui nenhum dado pessoal e simplesmente indica o ID do post referente ao artigo que voc\u00ea acabou de editar. Ele expira depois de 1 dia.<\/p>\n<p>Tipos de cookies que usamos<\/p>\n<p>Essencial: Alguns cookies s\u00e3o essenciais para que voc\u00ea possa experimentar todas as funcionalidades do nosso site. Eles nos permitem manter as sess\u00f5es do usu\u00e1rio e prevenir quaisquer amea\u00e7as \u00e0 seguran\u00e7a. Eles n\u00e3o coletam ou armazenam nenhuma informa\u00e7\u00e3o pessoal. Por exemplo, esses cookies permitem que voc\u00ea fa\u00e7a login em sua conta e adicione produtos \u00e0 sua cesta e finalize a compra com seguran\u00e7a.<\/p>\n<p>Estat\u00edsticas: Esses cookies armazenam informa\u00e7\u00f5es como o n\u00famero de visitantes do site, o n\u00famero de visitantes \u00fanicos, quais p\u00e1ginas do site foram visitadas, a origem da visita, etc. Esses dados nos ajudam a compreender e analisar o desempenho do site e onde precisa de melhorias. Utilizamos o Cookie do Google para gerar esses relat\u00f3rio no Google Analytics.<\/p>\n<p>Marketing: Nosso site exibe an\u00fancios. Esses cookies s\u00e3o usados \u200b\u200bpara personalizar os an\u00fancios que mostramos a voc\u00ea para que sejam significativos para voc\u00ea. Esses cookies tamb\u00e9m nos ajudam a acompanhar a efici\u00eancia dessas campanhas publicit\u00e1rias.<\/p>\n<p>As informa\u00e7\u00f5es armazenadas nesses cookies tamb\u00e9m podem ser usadas por provedores de an\u00fancios de terceiros para exibir an\u00fancios em outros sites no navegador tamb\u00e9m.<\/p>\n<p>Funcionais: s\u00e3o os cookies que auxiliam certas funcionalidades n\u00e3o essenciais do nosso site. Essas funcionalidades incluem a incorpora\u00e7\u00e3o de conte\u00fado como v\u00eddeos ou o compartilhamento de conte\u00fado no site em plataformas de m\u00eddia social.<\/p>\n<p>&nbsp;<\/p>\n<\/div>\n<\/div>\n<div class=\"elementor-element elementor-element-7802c7f elementor-widget elementor-widget-heading\" data-id=\"7802c7f\" data-element_type=\"widget\" data-widget_type=\"heading.default\">\n<div class=\"elementor-widget-container\">\n<h2 class=\"elementor-heading-title elementor-size-default\">M\u00eddia incorporada de outros sites<\/h2>\n<\/div>\n<\/div>\n<div class=\"elementor-element elementor-element-a74cb68 elementor-widget elementor-widget-text-editor\" data-id=\"a74cb68\" data-element_type=\"widget\" data-widget_type=\"text-editor.default\">\n<div class=\"elementor-widget-container\">\n<p>Artigos neste site podem incluir conte\u00fado incorporado como, por exemplo, v\u00eddeos, imagens, artigos, etc. Conte\u00fados incorporados de outros sites se comportam exatamente da mesma forma como se o visitante estivesse visitando o outro site.<\/p>\n<p>Estes sites podem coletar dados sobre voc\u00ea, usar cookies, incorporar rastreamento adicional de terceiros e monitorar sua intera\u00e7\u00e3o com este conte\u00fado incorporado, incluindo sua intera\u00e7\u00e3o com o conte\u00fado incorporado se voc\u00ea tem uma conta e est\u00e1 conectado com o site.<\/p>\n<p>&nbsp;<\/p>\n<\/div>\n<\/div>\n<div class=\"elementor-element elementor-element-0567079 elementor-widget elementor-widget-heading\" data-id=\"0567079\" data-element_type=\"widget\" data-widget_type=\"heading.default\">\n<div class=\"elementor-widget-container\">\n<h2 class=\"elementor-heading-title elementor-size-default\">Com quem partilhamos seus dados<\/h2>\n<\/div>\n<\/div>\n<div class=\"elementor-element elementor-element-5875edd elementor-widget elementor-widget-text-editor\" data-id=\"5875edd\" data-element_type=\"widget\" data-widget_type=\"text-editor.default\">\n<div class=\"elementor-widget-container\">\n<p>Compartilhamos seus dados com a ferramenta de gest\u00e3o de vendas <a href=\"https:\/\/www.eduzz.com\/politica-de-privacidade\" target=\"_blank\" rel=\"noopener\"><strong>Eduzz<\/strong>\u00a0<\/a><\/p>\n<p>&nbsp;<\/p>\n<\/div>\n<\/div>\n<div class=\"elementor-element elementor-element-a2fc197 elementor-widget elementor-widget-heading\" data-id=\"a2fc197\" data-element_type=\"widget\" data-widget_type=\"heading.default\">\n<div class=\"elementor-widget-container\">\n<h2 class=\"elementor-heading-title elementor-size-default\">Por quanto tempo mantemos os seus dados<\/h2>\n<\/div>\n<\/div>\n<div class=\"elementor-element elementor-element-afa85b7 elementor-widget elementor-widget-text-editor\" data-id=\"afa85b7\" data-element_type=\"widget\" data-widget_type=\"text-editor.default\">\n<div class=\"elementor-widget-container\">\n<p>Se voc\u00ea deixar um coment\u00e1rio, o coment\u00e1rio e os seus metadados s\u00e3o conservados indefinidamente. Fazemos isso para que seja poss\u00edvel reconhecer e aprovar automaticamente qualquer coment\u00e1rio posterior ao inv\u00e9s de ret\u00ea-lo para modera\u00e7\u00e3o.<\/p>\n<p>Para usu\u00e1rios que se registram no nosso site (se houver), tamb\u00e9m guardamos as informa\u00e7\u00f5es pessoais que fornecem no seu perfil de usu\u00e1rio. Todos os usu\u00e1rios podem ver, editar ou excluir suas informa\u00e7\u00f5es pessoais a qualquer momento (s\u00f3 n\u00e3o \u00e9 poss\u00edvel alterar o seu username). Os administradores de sites tamb\u00e9m podem ver e editar estas informa\u00e7\u00f5es.<\/p>\n<p>&nbsp;<\/p>\n<\/div>\n<\/div>\n<div class=\"elementor-element elementor-element-a8f620a elementor-widget elementor-widget-heading\" data-id=\"a8f620a\" data-element_type=\"widget\" data-widget_type=\"heading.default\">\n<div class=\"elementor-widget-container\">\n<h2 class=\"elementor-heading-title elementor-size-default\">Quais os seus direitos sobre seus dados<\/h2>\n<\/div>\n<\/div>\n<div class=\"elementor-element elementor-element-515351a elementor-widget elementor-widget-text-editor\" data-id=\"515351a\" data-element_type=\"widget\" data-widget_type=\"text-editor.default\">\n<div class=\"elementor-widget-container\">\n<p>Se voc\u00ea tiver uma conta neste site ou se tiver deixado coment\u00e1rios, pode solicitar um arquivo exportado dos dados pessoais que mantemos sobre voc\u00ea, inclusive quaisquer dados que nos tenha fornecido. Tamb\u00e9m pode solicitar que removamos qualquer dado pessoal que mantemos sobre voc\u00ea. Isto n\u00e3o inclui nenhuns dados que somos obrigados a manter para prop\u00f3sitos administrativos, legais ou de seguran\u00e7a. Para solicitar, basta enviar um e-mail para lgpd@exitoquestoes.com.br que retornaremos em at\u00e9 28 dias.<\/p>\n<p>&nbsp;<\/p>\n<\/div>\n<\/div>\n<div class=\"elementor-element elementor-element-4a0c7be elementor-widget elementor-widget-heading\" data-id=\"4a0c7be\" data-element_type=\"widget\" data-widget_type=\"heading.default\">\n<div class=\"elementor-widget-container\">\n<h2 class=\"elementor-heading-title elementor-size-default\">Para onde enviamos seus dados<\/h2>\n<\/div>\n<\/div>\n<div class=\"elementor-element elementor-element-b76459c elementor-widget elementor-widget-text-editor\" data-id=\"b76459c\" data-element_type=\"widget\" data-widget_type=\"text-editor.default\">\n<div class=\"elementor-widget-container\">\n<p>Coment\u00e1rios de visitantes podem ser marcados por um servi\u00e7o autom\u00e1tico de detec\u00e7\u00e3o de spam.<\/p>\n<p>&nbsp;<\/p>\n<\/div>\n<\/div>\n<div class=\"elementor-element elementor-element-83813d8 elementor-widget elementor-widget-heading\" data-id=\"83813d8\" data-element_type=\"widget\" data-widget_type=\"heading.default\">\n<div class=\"elementor-widget-container\">\n<h2 class=\"elementor-heading-title elementor-size-default\">Suas informa\u00e7\u00f5es de contato<\/h2>\n<\/div>\n<\/div>\n<div class=\"elementor-element elementor-element-f7afc5d elementor-widget elementor-widget-text-editor\" data-id=\"f7afc5d\" data-element_type=\"widget\" data-widget_type=\"text-editor.default\">\n<div class=\"elementor-widget-container\">\n<p>Para solicitar altera\u00e7\u00e3o, remo\u00e7\u00e3o ou c\u00f3pia dos seus dados pessoais, basta enviar um e-mail para lgpd@exitoquestoes.com.br que retornaremos em at\u00e9 28 dias.<\/p>\n<p>&nbsp;<\/p>\n<\/div>\n<\/div>\n<div class=\"elementor-element elementor-element-ac25536 elementor-widget elementor-widget-heading\" data-id=\"ac25536\" data-element_type=\"widget\" data-widget_type=\"heading.default\">\n<div class=\"elementor-widget-container\">\n<h2 class=\"elementor-heading-title elementor-size-default\">Como protegemos seus dados<\/h2>\n<\/div>\n<\/div>\n<div class=\"elementor-element elementor-element-f160b82 elementor-widget elementor-widget-text-editor\" data-id=\"f160b82\" data-element_type=\"widget\" data-widget_type=\"text-editor.default\">\n<div class=\"elementor-widget-container\">\n<p>Fique tranquilo(a)! Suas informa\u00e7\u00f5es est\u00e3o seguras! nosso site possui certificado SSL (site Seguro) para voc\u00ea navegar, processar e enviar informa\u00e7\u00f5es com seguran\u00e7a. Tamb\u00e9m utilizamos plugin de seguran\u00e7a no site.<\/p>\n<p>&nbsp;<\/p>\n<p><strong><em>Nos reservamos o direito de atualizar estes termos e condi\u00e7\u00f5es de uso sem qualquer aviso pr\u00e9vio<\/em><\/strong><\/p>\n<\/div>\n<\/div>\n<\/div>\n<\/div>\n","protected":false},"excerpt":{"rendered":"<p>\u00a0 Quem Somos? O endere\u00e7o do nosso site \u00e9: https:\/\/exitoquestoes.com.br\/ccm\/ \u00a0 Quais dados pessoais coletamos e porque &nbsp; Formul\u00e1rios de contato Nos formul\u00e1rios de contato, coletamos e mantemos as informa\u00e7\u00f5es: [&hellip;]<\/p>\n","protected":false},"author":2,"featured_media":0,"parent":0,"menu_order":0,"comment_status":"closed","ping_status":"closed","template":"","meta":{"footnotes":""},"class_list":["post-1280","page","type-page","status-publish","hentry"],"yoast_head":"<!-- This site is optimized with the Yoast SEO plugin v26.5 - https:\/\/yoast.com\/wordpress\/plugins\/seo\/ -->\n<title>Pol\u00edtica de privacidade - \u00caXITO QUEST\u00d5ES<\/title>\n<meta name=\"robots\" content=\"index, follow, max-snippet:-1, max-image-preview:large, max-video-preview:-1\" \/>\n<link rel=\"canonical\" href=\"https:\/\/exitoquestoes.com.br\/ccm\/politica-de-privacidade\/\" \/>\n<meta property=\"og:locale\" content=\"pt_BR\" \/>\n<meta property=\"og:type\" content=\"article\" \/>\n<meta property=\"og:title\" content=\"Pol\u00edtica de privacidade - \u00caXITO QUEST\u00d5ES\" \/>\n<meta property=\"og:description\" content=\"\u00a0 Quem Somos? O endere\u00e7o do nosso site \u00e9: https:\/\/exitoquestoes.com.br\/ccm\/ \u00a0 Quais dados pessoais coletamos e porque &nbsp; Formul\u00e1rios de contato Nos formul\u00e1rios de contato, coletamos e mantemos as informa\u00e7\u00f5es: [&hellip;]\" \/>\n<meta property=\"og:url\" content=\"https:\/\/exitoquestoes.com.br\/ccm\/politica-de-privacidade\/\" \/>\n<meta property=\"og:site_name\" content=\"\u00caXITO QUEST\u00d5ES\" \/>\n<meta property=\"article:publisher\" content=\"https:\/\/www.facebook.com\/exitoquestoes\" \/>\n<meta property=\"og:image\" content=\"https:\/\/exitoquestoes.com.br\/ccm\/wp-content\/uploads\/2022\/03\/logo.png\" \/>\n\t<meta property=\"og:image:width\" content=\"147\" \/>\n\t<meta property=\"og:image:height\" content=\"131\" \/>\n\t<meta property=\"og:image:type\" content=\"image\/png\" \/>\n<meta name=\"twitter:card\" content=\"summary_large_image\" \/>\n<meta name=\"twitter:label1\" content=\"Est. tempo de leitura\" \/>\n\t<meta name=\"twitter:data1\" content=\"6 minutos\" \/>\n<script type=\"application\/ld+json\" class=\"yoast-schema-graph\">{\"@context\":\"https:\/\/schema.org\",\"@graph\":[{\"@type\":\"WebPage\",\"@id\":\"https:\/\/exitoquestoes.com.br\/ccm\/politica-de-privacidade\/\",\"url\":\"https:\/\/exitoquestoes.com.br\/ccm\/politica-de-privacidade\/\",\"name\":\"Pol\u00edtica de privacidade - \u00caXITO QUEST\u00d5ES\",\"isPartOf\":{\"@id\":\"https:\/\/exitoquestoes.com.br\/ccm\/#website\"},\"datePublished\":\"2022-03-05T23:01:32+00:00\",\"breadcrumb\":{\"@id\":\"https:\/\/exitoquestoes.com.br\/ccm\/politica-de-privacidade\/#breadcrumb\"},\"inLanguage\":\"pt-BR\",\"potentialAction\":[{\"@type\":\"ReadAction\",\"target\":[\"https:\/\/exitoquestoes.com.br\/ccm\/politica-de-privacidade\/\"]}]},{\"@type\":\"BreadcrumbList\",\"@id\":\"https:\/\/exitoquestoes.com.br\/ccm\/politica-de-privacidade\/#breadcrumb\",\"itemListElement\":[{\"@type\":\"ListItem\",\"position\":1,\"name\":\"In\u00edcio\",\"item\":\"https:\/\/exitoquestoes.com.br\/ccm\/\"},{\"@type\":\"ListItem\",\"position\":2,\"name\":\"Pol\u00edtica de privacidade\"}]},{\"@type\":\"WebSite\",\"@id\":\"https:\/\/exitoquestoes.com.br\/ccm\/#website\",\"url\":\"https:\/\/exitoquestoes.com.br\/ccm\/\",\"name\":\"\u00caXITO QUEST\u00d5ES\",\"description\":\"Esse Aprova\",\"publisher\":{\"@id\":\"https:\/\/exitoquestoes.com.br\/ccm\/#organization\"},\"potentialAction\":[{\"@type\":\"SearchAction\",\"target\":{\"@type\":\"EntryPoint\",\"urlTemplate\":\"https:\/\/exitoquestoes.com.br\/ccm\/?s={search_term_string}\"},\"query-input\":{\"@type\":\"PropertyValueSpecification\",\"valueRequired\":true,\"valueName\":\"search_term_string\"}}],\"inLanguage\":\"pt-BR\"},{\"@type\":\"Organization\",\"@id\":\"https:\/\/exitoquestoes.com.br\/ccm\/#organization\",\"name\":\"\u00caxito Quest\u00f5es\",\"url\":\"https:\/\/exitoquestoes.com.br\/ccm\/\",\"logo\":{\"@type\":\"ImageObject\",\"inLanguage\":\"pt-BR\",\"@id\":\"https:\/\/exitoquestoes.com.br\/ccm\/#\/schema\/logo\/image\/\",\"url\":\"https:\/\/exitoquestoes.com.br\/ccm\/ccm\/wp-content\/uploads\/2022\/03\/logo.png\",\"contentUrl\":\"https:\/\/exitoquestoes.com.br\/ccm\/ccm\/wp-content\/uploads\/2022\/03\/logo.png\",\"width\":147,\"height\":131,\"caption\":\"\u00caxito Quest\u00f5es\"},\"image\":{\"@id\":\"https:\/\/exitoquestoes.com.br\/ccm\/#\/schema\/logo\/image\/\"},\"sameAs\":[\"https:\/\/www.facebook.com\/exitoquestoes\",\"https:\/\/www.instagram.com\/exito_questoes\/\",\"https:\/\/www.youtube.com\/channel\/UCgFertSpfACtsTuwgAQZUrQ\"]}]}<\/script>\n<!-- \/ Yoast SEO plugin. -->","yoast_head_json":{"title":"Pol\u00edtica de privacidade - \u00caXITO QUEST\u00d5ES","robots":{"index":"index","follow":"follow","max-snippet":"max-snippet:-1","max-image-preview":"max-image-preview:large","max-video-preview":"max-video-preview:-1"},"canonical":"https:\/\/exitoquestoes.com.br\/ccm\/politica-de-privacidade\/","og_locale":"pt_BR","og_type":"article","og_title":"Pol\u00edtica de privacidade - \u00caXITO QUEST\u00d5ES","og_description":"\u00a0 Quem Somos? O endere\u00e7o do nosso site \u00e9: https:\/\/exitoquestoes.com.br\/ccm\/ \u00a0 Quais dados pessoais coletamos e porque &nbsp; Formul\u00e1rios de contato Nos formul\u00e1rios de contato, coletamos e mantemos as informa\u00e7\u00f5es: [&hellip;]","og_url":"https:\/\/exitoquestoes.com.br\/ccm\/politica-de-privacidade\/","og_site_name":"\u00caXITO QUEST\u00d5ES","article_publisher":"https:\/\/www.facebook.com\/exitoquestoes","og_image":[{"width":147,"height":131,"url":"https:\/\/exitoquestoes.com.br\/ccm\/wp-content\/uploads\/2022\/03\/logo.png","type":"image\/png"}],"twitter_card":"summary_large_image","twitter_misc":{"Est. tempo de leitura":"6 minutos"},"schema":{"@context":"https:\/\/schema.org","@graph":[{"@type":"WebPage","@id":"https:\/\/exitoquestoes.com.br\/ccm\/politica-de-privacidade\/","url":"https:\/\/exitoquestoes.com.br\/ccm\/politica-de-privacidade\/","name":"Pol\u00edtica de privacidade - \u00caXITO QUEST\u00d5ES","isPartOf":{"@id":"https:\/\/exitoquestoes.com.br\/ccm\/#website"},"datePublished":"2022-03-05T23:01:32+00:00","breadcrumb":{"@id":"https:\/\/exitoquestoes.com.br\/ccm\/politica-de-privacidade\/#breadcrumb"},"inLanguage":"pt-BR","potentialAction":[{"@type":"ReadAction","target":["https:\/\/exitoquestoes.com.br\/ccm\/politica-de-privacidade\/"]}]},{"@type":"BreadcrumbList","@id":"https:\/\/exitoquestoes.com.br\/ccm\/politica-de-privacidade\/#breadcrumb","itemListElement":[{"@type":"ListItem","position":1,"name":"In\u00edcio","item":"https:\/\/exitoquestoes.com.br\/ccm\/"},{"@type":"ListItem","position":2,"name":"Pol\u00edtica de privacidade"}]},{"@type":"WebSite","@id":"https:\/\/exitoquestoes.com.br\/ccm\/#website","url":"https:\/\/exitoquestoes.com.br\/ccm\/","name":"\u00caXITO QUEST\u00d5ES","description":"Esse Aprova","publisher":{"@id":"https:\/\/exitoquestoes.com.br\/ccm\/#organization"},"potentialAction":[{"@type":"SearchAction","target":{"@type":"EntryPoint","urlTemplate":"https:\/\/exitoquestoes.com.br\/ccm\/?s={search_term_string}"},"query-input":{"@type":"PropertyValueSpecification","valueRequired":true,"valueName":"search_term_string"}}],"inLanguage":"pt-BR"},{"@type":"Organization","@id":"https:\/\/exitoquestoes.com.br\/ccm\/#organization","name":"\u00caxito Quest\u00f5es","url":"https:\/\/exitoquestoes.com.br\/ccm\/","logo":{"@type":"ImageObject","inLanguage":"pt-BR","@id":"https:\/\/exitoquestoes.com.br\/ccm\/#\/schema\/logo\/image\/","url":"https:\/\/exitoquestoes.com.br\/ccm\/ccm\/wp-content\/uploads\/2022\/03\/logo.png","contentUrl":"https:\/\/exitoquestoes.com.br\/ccm\/ccm\/wp-content\/uploads\/2022\/03\/logo.png","width":147,"height":131,"caption":"\u00caxito Quest\u00f5es"},"image":{"@id":"https:\/\/exitoquestoes.com.br\/ccm\/#\/schema\/logo\/image\/"},"sameAs":["https:\/\/www.facebook.com\/exitoquestoes","https:\/\/www.instagram.com\/exito_questoes\/","https:\/\/www.youtube.com\/channel\/UCgFertSpfACtsTuwgAQZUrQ"]}]}},"_links":{"self":[{"href":"https:\/\/exitoquestoes.com.br\/ccm\/wp-json\/wp\/v2\/pages\/1280","targetHints":{"allow":["GET"]}}],"collection":[{"href":"https:\/\/exitoquestoes.com.br\/ccm\/wp-json\/wp\/v2\/pages"}],"about":[{"href":"https:\/\/exitoquestoes.com.br\/ccm\/wp-json\/wp\/v2\/types\/page"}],"author":[{"embeddable":true,"href":"https:\/\/exitoquestoes.com.br\/ccm\/wp-json\/wp\/v2\/users\/2"}],"replies":[{"embeddable":true,"href":"https:\/\/exitoquestoes.com.br\/ccm\/wp-json\/wp\/v2\/comments?post=1280"}],"version-history":[{"count":0,"href":"https:\/\/exitoquestoes.com.br\/ccm\/wp-json\/wp\/v2\/pages\/1280\/revisions"}],"wp:attachment":[{"href":"https:\/\/exitoquestoes.com.br\/ccm\/wp-json\/wp\/v2\/media?parent=1280"}],"curies":[{"name":"wp","href":"https:\/\/api.w.org\/{rel}","templated":true}]}}